{"id":25,"date":"2024-01-07T15:22:20","date_gmt":"2024-01-07T15:22:20","guid":{"rendered":"http:\/\/www.shogi.fi\/?page_id=25"},"modified":"2026-03-22T14:18:14","modified_gmt":"2026-03-22T12:18:14","slug":"shogin-saannot","status":"publish","type":"page","link":"https:\/\/www.shogi.fi\/index.php\/shogin-saannot\/","title":{"rendered":"Shogista yleisesti"},"content":{"rendered":"\n<p><strong>Historia<\/strong><\/p>\n\n\n\n<p>Shogia\u00a0on pelattu Japanissa jo vuosisatoja. Sen pelaamisesta on merkint\u00f6j\u00e4 jo niin kutsutulta Sengoku-kaudelta (1454-1573). Varhaisimmat viralliset shogi-pelit puolestaan pelit 1600-luvulla, varhaisin vuonna 1607. T\u00e4st\u00e4 eteenp\u00e4in shogia on pelattu tasaisesti l\u00e4pi Japanin historian. On katsottu, ett\u00e4 niin shogi kuin shakkikin olisivat mahdollisesti kehittyneet samasta &#8220;alkujuuresta&#8221; &#8211; kumpikin tosin eteni hyvin eri suuntaan. <\/p>\n\n\n\n<p><strong>Shogin ominaispiirteet<\/strong><\/p>\n\n\n\n<p>Shogilla on useita ominaispiirteit\u00e4, joita k\u00e4sitell\u00e4\u00e4n s\u00e4\u00e4nt\u00f6jen n\u00e4k\u00f6kulmasta s\u00e4\u00e4nnn\u00f6t-v\u00e4lilehdell\u00e4. T\u00e4ss\u00e4 sen sijaan pohditaan n\u00e4ist\u00e4 kahden, korottamisen ja nappuloiden palauttamisen pelilaudalle, merkityst\u00e4. <\/p>\n\n\n\n<p>Shogissa nappuloiden korottaminen n\u00e4yttelee ehk\u00e4 merkitt\u00e4v\u00e4mp\u00e4\u00e4 roolia kuin shakissa, koska niiden korottaminen on helpompaa kuin shakissa. Ensinn\u00e4kin nappulat saa korotettua nopeammin. Toisekseen nappuloiden pudottaminen helpottaa ja edesauttaa korottamista, koska ne voidaan pudottaa my\u00f6s alueelle, jossa ne voidaan korottaa. T\u00e4ll\u00f6in jokainen nappula, jonka on k\u00e4teen saanut, on jo potentiaalisesti korotettu. Korotus toki vaatii viel\u00e4 erillisen, toisen siirron, kuten s\u00e4\u00e4nn\u00f6t-v\u00e4lilehdell\u00e4 kerrotaan, eik\u00e4 pudotus auttomaattisesti nappulaa korota.<\/p>\n\n\n\n<p>Nappuloiden pudottaminen takaisin laudalle tuokin shogiin merkitt\u00e4v\u00e4n taktisen ulottuvuuden, mik\u00e4 heijastelee shogin syntyhistoriaa Sengoku-kaudella, joka oli Japanin historian sotaisin, yli sata vuotta kest\u00e4nyt  sodank\u00e4ynnin aika. Sengoku-kaudella eilisillan yst\u00e4v\u00e4 saattoi olla seuraavan aamun vihollinen, kun daimiot p\u00e4\u00e4ttiv\u00e4t liittolaisuuksista ja vihollisuuksista, joskus kunniaan ja sukusiteisiin, useimmiten oman edun tavoitteluun perustuen. Kuten yst\u00e4v\u00e4t Sengoku-kaudella, omat nappulat voivat olla seuraavassa hetkess\u00e4 vihollisiasi. Taktiikoissa t\u00e4m\u00e4 nappuloiden &#8220;h\u00e4ilyv\u00e4isyys&#8221; on otettava huomioon: jos vastustaja sy\u00f6 nappulasi, voi h\u00e4n saada v\u00e4litt\u00f6m\u00e4n edun, vaikka s\u00f6isitkin useamman vastustajan nappulan kuin mit\u00e4 vastustaja sinun nappuloitasi sy\u00f6. <\/p>\n\n\n\n<p>Toisaalta nappuloiden &#8220;arvottomuuteen&#8221; kannattaa alusta asti tottua. Jokainen nappula, kuningasta lukuun ottamatta, on luovutettavissa &#8211; sopivaa korvausta vastaan joko vauhdissa tai nappuloiden m\u00e4\u00e4r\u00e4ss\u00e4, molemmat toki suhteututtana omiin menetyksiisi, sek\u00e4 nappuloiden m\u00e4\u00e4r\u00e4ss\u00e4 ett\u00e4 pelinopeudessa.<\/p>\n\n\n\n<p><\/p>\n","protected":false},"excerpt":{"rendered":"<p>Historia Shogia\u00a0on pelattu Japanissa jo vuosisatoja. Sen pelaamisesta on merkint\u00f6j\u00e4 jo niin kutsutulta Sengoku-kaudelta (1454-1573). Varhaisimmat viralliset shogi-pelit puolestaan pelit 1600-luvulla, varhaisin vuonna 1607. T\u00e4st\u00e4 eteenp\u00e4in shogia on pelattu tasaisesti l\u00e4pi Japanin historian. On katsottu, ett\u00e4 niin shogi kuin shakkikin olisivat mahdollisesti kehittyneet samasta &#8220;alkujuuresta&#8221; &#8211; kumpikin tosin eteni hyvin eri suuntaan. Shogin ominaispiirteet Shogilla [&hellip;]<\/p>\n","protected":false},"author":1,"featured_media":0,"parent":0,"menu_order":2,"comment_status":"closed","ping_status":"closed","template":"","meta":{"inline_featured_image":false,"footnotes":""},"class_list":["post-25","page","type-page","status-publish","hentry"],"_links":{"self":[{"href":"https:\/\/www.shogi.fi\/index.php\/wp-json\/wp\/v2\/pages\/25","targetHints":{"allow":["GET"]}}],"collection":[{"href":"https:\/\/www.shogi.fi\/index.php\/wp-json\/wp\/v2\/pages"}],"about":[{"href":"https:\/\/www.shogi.fi\/index.php\/wp-json\/wp\/v2\/types\/page"}],"author":[{"embeddable":true,"href":"https:\/\/www.shogi.fi\/index.php\/wp-json\/wp\/v2\/users\/1"}],"replies":[{"embeddable":true,"href":"https:\/\/www.shogi.fi\/index.php\/wp-json\/wp\/v2\/comments?post=25"}],"version-history":[{"count":7,"href":"https:\/\/www.shogi.fi\/index.php\/wp-json\/wp\/v2\/pages\/25\/revisions"}],"predecessor-version":[{"id":117,"href":"https:\/\/www.shogi.fi\/index.php\/wp-json\/wp\/v2\/pages\/25\/revisions\/117"}],"wp:attachment":[{"href":"https:\/\/www.shogi.fi\/index.php\/wp-json\/wp\/v2\/media?parent=25"}],"curies":[{"name":"wp","href":"https:\/\/api.w.org\/{rel}","templated":true}]}}